100
Let r(h) be the second derivative of 5/2*h**2 - 1/3*h**3 - 7*h + 0. Let p be r(0). Calculate the highest common factor of 40 and p.
5
Let f be ((-11)/1)/(1*(-5)/15). What is the greatest common divisor of 2420 and f?
11
Suppose -13*i - 45*i + 6400 = 42*i. What is the greatest common divisor of i and 1504?
32
Suppose -38*p + 15*p - 1001 = -3278. What is the greatest common factor of 279 and p?
9
Let l(k) = 5*k**3 - 8*k**2 - 204*k + 1585. Let s be l(8). What is the highest common divisor of s and 145?
29
Suppose -5*p = 5, 12*q - 8*q - 5*p = 233. What is the greatest common divisor of 57 and q?
57
Let p(n) = -n**2 + 4*n - 6. Let c be p(4). Let b(w) = w + 18. Let h be b(c). Calculate the highest common factor of h and 156.
12
Let z = 546 - 939. Let o = z - -433. Calculate the greatest common factor of o and 55.
5
Let k = 252 + -227. Let m = 86 - -314. Calculate the greatest common factor of m and k.
25
Suppose 2*m - 4 = 4*g - 42, -5*g + 5*m + 55 = 0. Suppose -7*i = g - 71. What is the greatest common divisor of i and 6?
3
Let o be 13 + 740/(-1 + 6). What is the highest common factor of o and 133?
7
Let v = -605 - -213. Let q = v - -420. What is the highest common divisor of 224 and q?
28
Let g be -16 - (3 - 5/(-5)). Let y = g + 62. Let q = 9 + -3. What is the highest common divisor of y and q?
6
Suppose 0 = -5*w - n + 16, 5*n = 4*w - 2 - 5. Suppose w*p + 32 = 80. Let t be (-81 + -6 - -3)/((-39)/52). Calculate the greatest common factor of t and p.
16
Suppose 4413 = 189*g + 298*g - 5327. What is the greatest common divisor of 32740 and g?
20
Suppose -4*d = -2*z + 1484, 0 = 5*z - 3*d + 367 - 4105. Calculate the highest common divisor of 480 and z.
30
Let t be (-7 - 0 - -1)*(-582)/(-12). Let a = 411 + t. What is the highest common divisor of a and 24?
24
Suppose 3*q = 2*l - 6, q + 0*q = 0. Let d be ((-56)/(-35) + -1)*225/l. What is the greatest common factor of d and 495?
45
Suppose 24 = 9*v - 17*v. Let r(n) = -13*n**2 + 6*n + 7. Let i be r(v). Let w = i - -192. What is the highest common factor of 16 and w?
16
Let l(p) = 2*p**2 - 15*p - 5. Let a be l(11). Let r be a/(-14)*(-182)/39. Calculate the greatest common factor of 648 and r.
24
Let n be 34423/638 - 2/(-44). Calculate the greatest common divisor of 999 and n.
27
Let y(l) = 20*l + 785. Let c be y(-39). What is the greatest common factor of 1115 and c?
5
Suppose 4*u + 9*s = 8499, -4262 = -5*u + 5*s + 6248. Calculate the highest common factor of u and 285.
57
Let n = -1321 + 5508. Calculate the greatest common factor of n and 53.
53
Let a = 367 + -362. Let w(x) = -x**2 + 14*x - 13. Let g be w(11). What is the highest common factor of a and g?
5
Suppose -45*z - 53 + 908 = 0. Let v(w) = -10*w + 2*w**3 - 15*w + 1 - 3*w**3 + 21*w**2. Let d be v(z). Calculate the highest common factor of d and 31.
31
Suppose -5*q + 4*j - 7 = 0, 2*q + 4*j - 9 = 5*q. Let n be q/5 + (-3885)/(-75). What is the highest common divisor of 8 and n?
4
Suppose -2*n = 3*o - 20, -5*o - 2*n + 27 + 5 = 0. Let s(c) = -c**3 - 3*c**2 + c - 7. Let a be s(-5). Calculate the greatest common factor of o and a.
2
Suppose 225*d - 34906 = 23144. What is the greatest common divisor of 731 and d?
43
Let m = 28185 + -27801. What is the highest common factor of 24 and m?
24
Let k(f) = 1741*f + 19164. Let q be k(-11). Suppose -2*y + 4 = 5*w, -4*y + 2*w = -0*y - 8. Calculate the greatest common divisor of y and q.
1
Let d be (-885)/(-24) - (-1)/8. Let c = -25 - -28. Let w be -7 - (1 - c) - -412. What is the greatest common divisor of d and w?
37
Suppose n - 2351 = -n + h, -3*h = 5*n - 5872. Let t be (-94)/4*-15*2/15. What is the greatest common divisor of t and n?
47
Let i be (9 - 5)/(6/9). Suppose -12*v = -i*v + 10*v. Suppose -4*y = -v*y - 616. What is the greatest common divisor of 22 and y?
22
Suppose -40 = -p + 4*x, 818*p - 820*p - 2*x = 0. Suppose 5*v = -2*b + 11, -2*b - 3*b + 12 = -3*v. What is the highest common divisor of p and v?
1
Let r = 9763 + -8909. What is the highest common divisor of r and 549?
61
Let h be (-1)/((-1)/3*1). Suppose 3*s - 4*b = 11 + 6, -3*s - 3*b = -h. Suppose 6 = 5*t - 4, -58 = -s*x - 2*t. Calculate the greatest common divisor of 2 and x.
2
Let a(y) = 18*y - 46. Let l be a(8). Suppose 11*o = l - 32. Calculate the highest common factor of 174 and o.
6
Let h be (25/(-15))/(8/24)*16308/(-5). Calculate the greatest common divisor of h and 108.
108
Let k = -13 + 15. Let a be (-108)/(-5) + 34/85. Calculate the greatest common factor of a and k.
2
Let p = 210 - 216. Let d be (8/((-48)/45))/(1/p). What is the highest common divisor of d and 30?
15
Suppose 15 = -987*b + 990*b, -4*y = -3*b - 305. What is the greatest common divisor of y and 3560?
40
Suppose f + 3*f - 1008 = 0. Let m be 17745/28 - 1/(-4). Suppose -m = -37*j + 698. Calculate the highest common divisor of j and f.
36
Let q(n) = -147*n - 1378. Let f be q(-52). What is the greatest common factor of 26 and f?
26
Let w be 39/15 + 0 + 3/(-5). Suppose -8*b + 5*b + w*g + 4 = 0, 2*g = 2*b - 2. Calculate the greatest common factor of b and 10.
2
Let p(m) = -m**2 - 7*m + 9. Let r = 84 - 91. Let g be p(r). Let o be (-7)/(-3)*(4 - g - -8). What is the greatest common divisor of 28 and o?
7
Suppose -w = -7 + 2. Suppose 14 = w*p - 106. Let m = 323 + -320. What is the highest common factor of p and m?
3
Let u(x) = 454*x - 7840. Let h be u(54). Calculate the greatest common divisor of h and 132.
44
Suppose 4*x + 5*u = 160, -3*u + 19 = 4*x - 141. What is the greatest common divisor of 16 and x?
8
Let r = -46 - -112. Let w be ((6/(-8))/(-1))/(788/31520). Calculate the greatest common factor of w and r.
6
Let i be ((-119)/(-14))/((-2)/(-28)). Let x = i - 69. Let k(y) = y**3 + 13*y**2 + 14*y - 13. Let h be k(-11). Calculate the greatest common factor of x and h.
25
Let t be -2*((-49879)/310)/((-3)/(-15)). Calculate the highest common factor of t and 2.
1
Let f = 2096 + -785. Calculate the highest common divisor of 133 and f.
19
Let u = 253 + -177. Let d = u - 41. Let h = 167422 - 167142. What is the greatest common factor of d and h?
35
Let s be (-7 - -9)/(-1) - (-10)/2. Suppose 143 = z - 4*h + s*h, -z = 5*h - 149. Calculate the greatest common divisor of z and 192.
48
Let g be 4 + (-16)/4 + (3 + 1 - -68). Calculate the highest common factor of g and 5976.
72
Suppose 3*z = -g + 207, -210 = -g - z - 3*z. Let n = 54 - -35. Suppose 0 = 2*a + 23 - n. Calculate the highest common factor of g and a.
33
Let k be (1/(15/(-24)))/((-60)/225). What is the highest common factor of k and 11226?
6
Let g be (13 + 0 + -1)/((-39)/(-26)). Suppose -a = -14 + g. Suppose -11 + 179 = a*x. Calculate the greatest common factor of x and 84.
28
Suppose -54809 = 8*y - 491*y + 2849953. What is the highest common divisor of y and 1358?
194
Let d be 6/4 - 23/(644/(-4158)). Suppose s = 3*z - 223, 4*z = -10*s + 8*s + 304. Calculate the highest common factor of d and z.
75
Let i be (-4)/(-6)*(-62832)/(-374). Calculate the greatest common divisor of i and 1264.
16
Let d = -629 - -656. Suppose 0 = 4*o + 3*u + 2*u - 736, 394 = 2*o - 4*u. What is the greatest common factor of o and d?
27
Let i(v) = -3*v - 6. Let q be i(-20). Suppose -2*p - 5*r = -6, -2*r = 4*p + 2 + 2. Let k be ((-6)/7)/(p/84). Calculate the greatest common divisor of k and q.
18
Let i = 6163 + -5932. What is the greatest common divisor of 759 and i?
33
Let y(n) = 3*n**3 + 8*n**2 + 22*n - 42. Let j be y(2). What is the greatest common factor of j and 11426?
58
Let t(f) = 969*f - 920. Let y be t(1). Calculate the greatest common divisor of 91 and y.
7
Let o = 32 + -137. Let l = 132 + o. Calculate the highest common divisor of 216 and l.
27
Suppose b = 7*b - 126. Let w(h) = 8*h - h + 2*h + 3 - h**2 + 13*h. Let z be w(b). What is the highest common factor of z and 40?
8
Suppose 52 - 38 = 7*m. Suppose m*x + 4*z - 849 = x, x = -z + 858. Calculate the highest common divisor of x and 21.
21
Suppose s - 9 = 5*y, s + 2*y = 6*y + 11. Calculate the highest common factor of 7961 and s.
19
Let v be (352/(-1320))/(42/9) + 5042/35. Let n = -7 - -16. Calculate the highest common divisor of v and n.
9
Suppose 5*o - 5*x = 45, 2*o - 5*x + 12 = 42. Suppose 11*m = 6*m - u + 351, 2*u + 208 = 3*m. Let v = m + o. What is the greatest common divisor of 30 and v?
15
